{"id":7685,"date":"2023-08-10T08:19:16","date_gmt":"2023-08-10T06:19:16","guid":{"rendered":"https:\/\/cambio.academy\/?post_type=product&#038;p=7685"},"modified":"2026-01-26T10:20:24","modified_gmt":"2026-01-26T09:20:24","slug":"lash-stylist-11-basis-wimpernverlaengerung-in-wien","status":"publish","type":"product","link":"https:\/\/cambio.academy\/en\/produkt\/lash-stylist-11-basis-wimpernverlaengerung-in-wien\/","title":{"rendered":"Wimpernverl\u00e4ngerung  Lash Stylist 1:1 Basis in Wien"},"content":{"rendered":"<p><strong>Kursinhalte<\/strong><\/p>\n<p>Einfu\u0308hrung und Grundlagen<\/p>\n<ul>\n<li>Einfu\u0308hrung in die Wimpernverl\u00e4ngerungstechniken und -methoden<\/li>\n<li>\u00dcberblick u\u0308ber verschiedene Wimpernarten, -kurven und -l\u00e4ngen<\/li>\n<li>Hygiene und Sicherheitsma\u00dfnahmen am Arbeitsplatz<\/li>\n<li>Kundengespr\u00e4che und Beratung<\/li>\n<\/ul>\n<p>Anatomie und Wachstumszyklus der Wimpern:<\/p>\n<ul>\n<li>Grundlegendes Verst\u00e4ndnis der natu\u0308rlichen Wimpernstruktur<\/li>\n<li>Kenntnisse u\u0308ber den Wachstumszyklus der Wimpern<\/li>\n<li>Identifikation von Kontraindikationen und Allergien<\/li>\n<\/ul>\n<p>Materialien und Werkzeuge:<\/p>\n<ul>\n<li>Vorstellung der verschiedenen Arten von Wimpernverl\u00e4ngerungen<\/li>\n<li>Auswahl von Klebstoffen, Pinzetten und anderen Werkzeugen<\/li>\n<li>Pflege und Lagerung der Materialien<\/li>\n<\/ul>\n<p>Vorbereitung und Applikation:<\/p>\n<ul>\n<li>Vorbereitung des Arbeitsplatzes und des Kunden<\/li>\n<li>Vorbereitung der natu\u0308rlichen Wimpern vor der Applikation<\/li>\n<li>Praktische \u00dcbungen zur Anbringung von Wimpernverl\u00e4ngerungen<\/li>\n<li>Verschiedene Applikationstechniken und Stile<\/li>\n<\/ul>\n<p>Nachbehandlung und Pflege:<\/p>\n<ul>\n<li>Beratung der Kunden zur Wimpernpflege und -erhaltung<\/li>\n<li>Refill von Wimpernverl\u00e4ngerungen<\/li>\n<li>Probleml\u00f6sungen und Umgang mit m\u00f6glichen Komplikationen<\/li>\n<\/ul>\n<p>Die Anmeldung zum Kurs ist VERBINDLICHund kann auch im Falle einer Krankheit NICHT STORNIERT werden.<br \/>\nModellkostenbeitrag: \u20ac15,- pro Modell | 5 Modelle im Kurs insgesamt erforderlich (aktuell ohne Wimpernverl\u00e4ngerung), Arbeiten an Modellen in Heimarbeit erforderlich<\/p>\n<p><img fetchpriority=\"high\" decoding=\"async\" class=\"alignnone size-medium wp-image-15011\" src=\"https:\/\/cambio.academy\/wp-content\/uploads\/2023\/08\/Bildschirmfoto-2025-02-18-um-16.06.48-300x300.png\" alt=\"\" width=\"300\" height=\"300\" srcset=\"https:\/\/cambio.academy\/wp-content\/uploads\/2023\/08\/Bildschirmfoto-2025-02-18-um-16.06.48-300x300.png 300w, https:\/\/cambio.academy\/wp-content\/uploads\/2023\/08\/Bildschirmfoto-2025-02-18-um-16.06.48-1021x1024.png 1021w, https:\/\/cambio.academy\/wp-content\/uploads\/2023\/08\/Bildschirmfoto-2025-02-18-um-16.06.48-150x150.png 150w, https:\/\/cambio.academy\/wp-content\/uploads\/2023\/08\/Bildschirmfoto-2025-02-18-um-16.06.48-768x770.png 768w, https:\/\/cambio.academy\/wp-content\/uploads\/2023\/08\/Bildschirmfoto-2025-02-18-um-16.06.48-600x602.png 600w, https:\/\/cambio.academy\/wp-content\/uploads\/2023\/08\/Bildschirmfoto-2025-02-18-um-16.06.48-100x100.png 100w, https:\/\/cambio.academy\/wp-content\/uploads\/2023\/08\/Bildschirmfoto-2025-02-18-um-16.06.48.png 1262w\" sizes=\"(max-width: 300px) 100vw, 300px\" \/> <img decoding=\"async\" class=\"alignnone size-medium wp-image-15013\" src=\"https:\/\/cambio.academy\/wp-content\/uploads\/2023\/08\/Bildschirmfoto-2025-02-18-um-16.09.26-300x300.png\" alt=\"\" width=\"300\" height=\"300\" srcset=\"https:\/\/cambio.academy\/wp-content\/uploads\/2023\/08\/Bildschirmfoto-2025-02-18-um-16.09.26-300x300.png 300w, https:\/\/cambio.academy\/wp-content\/uploads\/2023\/08\/Bildschirmfoto-2025-02-18-um-16.09.26-1019x1024.png 1019w, https:\/\/cambio.academy\/wp-content\/uploads\/2023\/08\/Bildschirmfoto-2025-02-18-um-16.09.26-150x150.png 150w, https:\/\/cambio.academy\/wp-content\/uploads\/2023\/08\/Bildschirmfoto-2025-02-18-um-16.09.26-100x100.png 100w, https:\/\/cambio.academy\/wp-content\/uploads\/2023\/08\/Bildschirmfoto-2025-02-18-um-16.09.26.png 1260w\" sizes=\"(max-width: 300px) 100vw, 300px\" \/><\/p>\n","protected":false},"excerpt":{"rendered":"<p><b>Lash-Stylist:in Grundkurs 1:1 Technik\u2013 Dein perfekter Start!<br \/>\n45+ Kursstunden.<\/b><\/p>\n<p>\ud83d\udccc <b>Was du lernst:<\/b><br \/>\n\u2714\ufe0f Grundlagen &amp; Technik der 1:1 Wimpernverl\u00e4ngerung<br \/>\n\u2714\ufe0f Step-by-Step-Anleitung f\u00fcr Pr\u00e4zision &amp; Feingef\u00fchl<br \/>\n\u2714\ufe0f Praxis am \u00dcbungskopf &amp; Arbeiten am Modell unter Anleitung der Trainerin<\/p>\n<p>Perfekt vorbereitet f\u00fcr deinen Einstieg als Lash-Stylist:in!<\/p>\n<p>W\u00e4hl einen f\u00fcr dich passenden Kurszeitraum aus \u2013 die Termine werden dir direkt angezeigt,<\/p>\n<p><b>Voraussetzungen<\/b>:<br \/>\nKeine \u2013 der Kurs ist perfekt f\u00fcr Berufseinsteiger*innen bzw. Berufsumsteiger*innen<\/p>\n<p><b>Step 1: Einstieg in die Praxis \u00a0\u2013 erster Praxistag im Studio (Kleingruppe)<br \/>\nStep 2: Vertiefungstag &#8211; Praxistag im Studio (Kleingruppe)<br \/>\n<\/b>Kurszeiten an den Praxistagen 09:00-17:00 Uhr<\/p>\n<p><i>Modellzeiten am 1. Praxistag: 1. Modell um 10:00 Uhr, 2. Modell um 12:45 Uhr<\/i><br \/>\n<i>Modellzeiten am 2. Praxistag: 1. Modell um 09:30 Uhr, 2. Modell um 12:30 Uhr, 3. Modell um 14:00 Uhr<\/i><\/p>\n<p><b>\u00a0Abschluss mit gewerbeg\u00fcltigem Zertifikat<\/b><\/p>\n<p>&nbsp;<\/p>\n","protected":false},"featured_media":3046,"template":"","meta":[],"product_brand":[],"product_cat":[161,40],"product_tag":[],"standort":[27],"ausbildungstyp":[],"zeitmodell":[],"zielgruppe":[],"class_list":{"0":"post-7685","1":"product","2":"type-product","3":"status-publish","4":"has-post-thumbnail","6":"product_cat-professionals-wien","7":"product_cat-wimpernverlaengerung","8":"standort-wien","10":"first","11":"instock","12":"taxable","13":"shipping-taxable","14":"purchasable","15":"product-type-variable"},"bundled_by":["5075","5073","5055","7776","7774","7773","5074","13833","13836"],"bundle_stock_status":"instock","bundle_stock_quantity":null,"bundle_virtual":false,"bundle_layout":"","bundle_add_to_cart_form_location":"","bundle_editable_in_cart":false,"bundle_sold_individually_context":"","bundle_item_grouping":"","bundle_min_size":"","bundle_max_size":"","bundle_price":[],"bundled_items":[],"bundle_sell_ids":[],"exclude_global_add_ons":[],"addons":[],"_links":{"self":[{"href":"https:\/\/cambio.academy\/en\/wp-json\/wp\/v2\/product\/7685","targetHints":{"allow":["GET"]}}],"collection":[{"href":"https:\/\/cambio.academy\/en\/wp-json\/wp\/v2\/product"}],"about":[{"href":"https:\/\/cambio.academy\/en\/wp-json\/wp\/v2\/types\/product"}],"wp:featuredmedia":[{"embeddable":true,"href":"https:\/\/cambio.academy\/en\/wp-json\/wp\/v2\/media\/3046"}],"wp:attachment":[{"href":"https:\/\/cambio.academy\/en\/wp-json\/wp\/v2\/media?parent=7685"}],"wp:term":[{"taxonomy":"product_brand","embeddable":true,"href":"https:\/\/cambio.academy\/en\/wp-json\/wp\/v2\/product_brand?post=7685"},{"taxonomy":"product_cat","embeddable":true,"href":"https:\/\/cambio.academy\/en\/wp-json\/wp\/v2\/product_cat?post=7685"},{"taxonomy":"product_tag","embeddable":true,"href":"https:\/\/cambio.academy\/en\/wp-json\/wp\/v2\/product_tag?post=7685"},{"taxonomy":"standort","embeddable":true,"href":"https:\/\/cambio.academy\/en\/wp-json\/wp\/v2\/standort?post=7685"},{"taxonomy":"ausbildungstyp","embeddable":true,"href":"https:\/\/cambio.academy\/en\/wp-json\/wp\/v2\/ausbildungstyp?post=7685"},{"taxonomy":"zeitmodell","embeddable":true,"href":"https:\/\/cambio.academy\/en\/wp-json\/wp\/v2\/zeitmodell?post=7685"},{"taxonomy":"zielgruppe","embeddable":true,"href":"https:\/\/cambio.academy\/en\/wp-json\/wp\/v2\/zielgruppe?post=7685"}],"curies":[{"name":"wp","href":"https:\/\/api.w.org\/{rel}","templated":true}]}}

Wimpernverlängerung  Lash Stylist 1:1 Basis in Wien

<p><strong>Kursinhalte</strong></p>
<p>Einführung und Grundlagen</p>
<ul>
<li>Einführung in die Wimpernverlängerungstechniken und -methoden</li>
<li>Überblick über verschiedene Wimpernarten, -kurven und -längen</li>
<li>Hygiene und Sicherheitsmaßnahmen am Arbeitsplatz</li>
<li>Kundengespräche und Beratung</li>
</ul>
<p>Anatomie und Wachstumszyklus der Wimpern:</p>
<ul>
<li>Grundlegendes Verständnis der natürlichen Wimpernstruktur</li>
<li>Kenntnisse über den Wachstumszyklus der Wimpern</li>
<li>Identifikation von Kontraindikationen und Allergien</li>
</ul>
<p>Materialien und Werkzeuge:</p>
<ul>
<li>Vorstellung der verschiedenen Arten von Wimpernverlängerungen</li>
<li>Auswahl von Klebstoffen, Pinzetten und anderen Werkzeugen</li>
<li>Pflege und Lagerung der Materialien</li>
</ul>
<p>Vorbereitung und Applikation:</p>
<ul>
<li>Vorbereitung des Arbeitsplatzes und des Kunden</li>
<li>Vorbereitung der natürlichen Wimpern vor der Applikation</li>
<li>Praktische Übungen zur Anbringung von Wimpernverlängerungen</li>
<li>Verschiedene Applikationstechniken und Stile</li>
</ul>
<p>Nachbehandlung und Pflege:</p>
<ul>
<li>Beratung der Kunden zur Wimpernpflege und -erhaltung</li>
<li>Refill von Wimpernverlängerungen</li>
<li>Problemlösungen und Umgang mit möglichen Komplikationen</li>
</ul>
<p>Die Anmeldung zum Kurs ist VERBINDLICHund kann auch im Falle einer Krankheit NICHT STORNIERT werden.<br />
Modellkostenbeitrag: €15,- pro Modell | 5 Modelle im Kurs insgesamt erforderlich (aktuell ohne Wimpernverlängerung), Arbeiten an Modellen in Heimarbeit erforderlich</p>
<p><img fetchpriority="high" decoding="async" class="alignnone size-medium wp-image-15011" src="https://cambio.academy/wp-content/uploads/2023/08/Bildschirmfoto-2025-02-18-um-16.06.48-300x300.png" alt="" width="300" height="300" srcset="https://cambio.academy/wp-content/uploads/2023/08/Bildschirmfoto-2025-02-18-um-16.06.48-300x300.png 300w, https://cambio.academy/wp-content/uploads/2023/08/Bildschirmfoto-2025-02-18-um-16.06.48-1021x1024.png 1021w, https://cambio.academy/wp-content/uploads/2023/08/Bildschirmfoto-2025-02-18-um-16.06.48-150x150.png 150w, https://cambio.academy/wp-content/uploads/2023/08/Bildschirmfoto-2025-02-18-um-16.06.48-768x770.png 768w, https://cambio.academy/wp-content/uploads/2023/08/Bildschirmfoto-2025-02-18-um-16.06.48-600x602.png 600w, https://cambio.academy/wp-content/uploads/2023/08/Bildschirmfoto-2025-02-18-um-16.06.48-100x100.png 100w, https://cambio.academy/wp-content/uploads/2023/08/Bildschirmfoto-2025-02-18-um-16.06.48.png 1262w" sizes="(max-width: 300px) 100vw, 300px" /> <img decoding="async" class="alignnone size-medium wp-image-15013" src="https://cambio.academy/wp-content/uploads/2023/08/Bildschirmfoto-2025-02-18-um-16.09.26-300x300.png" alt="" width="300" height="300" srcset="https://cambio.academy/wp-content/uploads/2023/08/Bildschirmfoto-2025-02-18-um-16.09.26-300x300.png 300w, https://cambio.academy/wp-content/uploads/2023/08/Bildschirmfoto-2025-02-18-um-16.09.26-1019x1024.png 1019w, https://cambio.academy/wp-content/uploads/2023/08/Bildschirmfoto-2025-02-18-um-16.09.26-150x150.png 150w, https://cambio.academy/wp-content/uploads/2023/08/Bildschirmfoto-2025-02-18-um-16.09.26-100x100.png 100w, https://cambio.academy/wp-content/uploads/2023/08/Bildschirmfoto-2025-02-18-um-16.09.26.png 1260w" sizes="(max-width: 300px) 100vw, 300px" /></p>

<p><b>Lash-Stylist:in Grundkurs 1:1 Technik– Dein perfekter Start!<br />
45+ Kursstunden.</b></p>
<p>📌 <b>Was du lernst:</b><br />
✔️ Grundlagen &amp; Technik der 1:1 Wimpernverlängerung<br />
✔️ Step-by-Step-Anleitung für Präzision &amp; Feingefühl<br />
✔️ Praxis am Übungskopf &amp; Arbeiten am Modell unter Anleitung der Trainerin</p>
<p>Perfekt vorbereitet für deinen Einstieg als Lash-Stylist:in!</p>
<p>Wähl einen für dich passenden Kurszeitraum aus – die Termine werden dir direkt angezeigt,</p>
<p><b>Voraussetzungen</b>:<br />
Keine – der Kurs ist perfekt für Berufseinsteiger*innen bzw. Berufsumsteiger*innen</p>
<p><b>Step 1: Einstieg in die Praxis  – erster Praxistag im Studio (Kleingruppe)<br />
Step 2: Vertiefungstag &#8211; Praxistag im Studio (Kleingruppe)<br />
</b>Kurszeiten an den Praxistagen 09:00-17:00 Uhr</p>
<p><i>Modellzeiten am 1. Praxistag: 1. Modell um 10:00 Uhr, 2. Modell um 12:45 Uhr</i><br />
<i>Modellzeiten am 2. Praxistag: 1. Modell um 09:30 Uhr, 2. Modell um 12:30 Uhr, 3. Modell um 14:00 Uhr</i></p>
<p><b> Abschluss mit gewerbegültigem Zertifikat</b></p>
<p>&nbsp;</p>
